{"id":412,"date":"2022-11-28T19:40:17","date_gmt":"2022-11-28T18:40:17","guid":{"rendered":"http:\/\/psychologue-orientation.com\/?page_id=412"},"modified":"2022-11-28T19:50:21","modified_gmt":"2022-11-28T18:50:21","slug":"elementor-412","status":"publish","type":"page","link":"https:\/\/psychologue-orientation.com\/index.php\/elementor-412\/","title":{"rendered":"Mentions l\u00e9gales"},"content":{"rendered":"\t\t<div data-elementor-type=\"wp-page\" data-elementor-id=\"412\" class=\"elementor elementor-412\" data-elementor-post-type=\"page\">\n\t\t\t\t\t\t<section class=\"elementor-section elementor-top-section elementor-element elementor-element-f744af2 elementor-section-boxed elementor-section-height-default elementor-section-height-default\" data-id=\"f744af2\" data-element_type=\"section\" data-e-type=\"section\">\n\t\t\t\t\t\t<div class=\"elementor-container elementor-column-gap-default\">\n\t\t\t\t\t<div class=\"elementor-column elementor-col-50 elementor-top-column elementor-element elementor-element-5b9f20b\" data-id=\"5b9f20b\" data-element_type=\"column\" data-e-type=\"column\">\n\t\t\t<div class=\"elementor-widget-wrap elementor-element-populated\">\n\t\t\t\t\t\t<div class=\"elementor-element elementor-element-5f8c3c00 elementor-widget-divider--view-line elementor-widget elementor-widget-divider\" data-id=\"5f8c3c00\" data-element_type=\"widget\" data-e-type=\"widget\" data-widget_type=\"divider.default\">\n\t\t\t\t<div class=\"elementor-widget-container\">\n\t\t\t\t\t\t\t<div class=\"elementor-divider\">\n\t\t\t<span class=\"elementor-divider-separator\">\n\t\t\t\t\t\t<\/span>\n\t\t<\/div>\n\t\t\t\t\t\t<\/div>\n\t\t\t\t<\/div>\n\t\t\t\t<div class=\"elementor-element elementor-element-50889d82 elementor-widget elementor-widget-heading\" data-id=\"50889d82\" data-element_type=\"widget\" data-e-type=\"widget\" data-widget_type=\"heading.default\">\n\t\t\t\t<div class=\"elementor-widget-container\">\n\t\t\t\t\t<h4 class=\"elementor-heading-title elementor-size-default\">MENTIONS L\u00c9GALES<\/h4>\t\t\t\t<\/div>\n\t\t\t\t<\/div>\n\t\t\t\t\t<\/div>\n\t\t<\/div>\n\t\t\t\t<div class=\"elementor-column elementor-col-50 elementor-top-column elementor-element elementor-element-f9e3089\" data-id=\"f9e3089\" data-element_type=\"column\" data-e-type=\"column\">\n\t\t\t<div class=\"elementor-widget-wrap elementor-element-populated\">\n\t\t\t\t\t\t<div class=\"elementor-element elementor-element-608b8b4 elementor-widget elementor-widget-text-editor\" data-id=\"608b8b4\" data-element_type=\"widget\" data-e-type=\"widget\" data-widget_type=\"text-editor.default\">\n\t\t\t\t<div class=\"elementor-widget-container\">\n\t\t\t\t\t\t\t\t\t<p class=\"yiv8637428946MsoNormal yiv8637428946ContentPasted0\" style=\"margin: 0cm 0cm 10pt; color: #000000; font-family: Calibri, Helvetica, sans-serif; font-size: 11pt;\">Conform\u00e9ment \u00e0 la Loi Fran\u00e7aise n\u00b02004-575 du 21 juin 2004 pour la confiance dans l&#8217;\u00e9conomie num\u00e9rique (LCEN), nous portons \u00e0 la connaissance des utilisateurs et visiteurs les mentions l\u00e9gales :<\/p><p class=\"yiv8637428946MsoNormal\" style=\"margin: 0cm 0cm 10pt; color: #000000; font-family: Calibri, Helvetica, sans-serif; font-size: 11pt;\"><b class=\"yiv8637428946ContentPasted0\">Editeur du site\u00a0: \u00a0<\/b><\/p><p class=\"yiv8637428946MsoNormal yiv8637428946ContentPasted0\" style=\"margin: 0cm 0cm 10pt; color: #000000; font-family: Calibri, Helvetica, sans-serif; font-size: 11pt;\">Nadia Doublet<br class=\"yiv8637428946ContentPasted0\" \/>ndoublet.psy@gmail.com<br class=\"yiv8637428946ContentPasted0\" \/>2 chemin de la massue 35170 Bruz<\/p><p class=\"yiv8637428946MsoNormal yiv8637428946ContentPasted0\" style=\"margin: 0cm 0cm 0.0001pt; color: #000000; font-family: Calibri, Helvetica, sans-serif; font-size: 11pt;\">Activit\u00e9 lib\u00e9rale en micro entreprise<br class=\"yiv8637428946ContentPasted0\" \/>Titre professionnel: Titre de psychologue<\/p><p class=\"yiv8637428946MsoNormal yiv8637428946ContentPasted0\" style=\"margin: 0cm 0cm 0.0001pt; color: #000000; font-family: Calibri, Helvetica, sans-serif; font-size: 11pt;\">N\u00b0 ADELI : 35 93 1562 9<br class=\"yiv8637428946ContentPasted0\" \/>N\u00b0 SIRET : 912\u00a0722\u00a0592 00017<br class=\"yiv8637428946ContentPasted0\" \/><br class=\"yiv8637428946ContentPasted0\" \/><\/p><p class=\"yiv8637428946MsoNormal yiv8637428946ContentPasted0\" style=\"margin: 0cm 0cm 10pt; color: #000000; font-family: Calibri, Helvetica, sans-serif; font-size: 11pt;\">Conform\u00e9ment aux dispositions l\u00e9gales, toute personne qui exerce une activit\u00e9 lib\u00e9rale, \u00e0 titre principal ou compl\u00e9mentaire, sous le r\u00e9gime fiscal de la micro-entreprise ou en optant pour le r\u00e9gime micro-social est dispens\u00e9e d&#8217;immatriculation au Registre du Commerce et des Soci\u00e9t\u00e9s.<\/p><p class=\"yiv8637428946MsoNormal\" style=\"margin: 0cm 0cm 10pt; color: #000000; font-family: Calibri, Helvetica, sans-serif; font-size: 11pt;\"><b class=\"yiv8637428946ContentPasted0\">H\u00e9bergement\u00a0: \u00a0<\/b><\/p><p class=\"yiv8637428946MsoNormal yiv8637428946ContentPasted0\" style=\"margin: 0cm 0cm 10pt; color: #000000; font-family: Calibri, Helvetica, sans-serif; font-size: 11pt;\">Ce site est h\u00e9berg\u00e9 par le site OVH : http:\/\/www.ovh.com Si\u00e8ge social : 2 rue Kellerman 59100 ROUBAIX<\/p><div>\u00a0<\/div>\t\t\t\t\t\t\t\t<\/div>\n\t\t\t\t<\/div>\n\t\t\t\t\t<\/div>\n\t\t<\/div>\n\t\t\t\t\t<\/div>\n\t\t<\/section>\n\t\t\t\t<\/div>\n\t\t","protected":false},"excerpt":{"rendered":"<p>MENTIONS L\u00c9GALES Conform\u00e9ment \u00e0 la Loi Fran\u00e7aise n\u00b02004-575 du 21 juin 2004 pour la confiance dans l&#8217;\u00e9conomie num\u00e9rique (LCEN), nous portons \u00e0 la connaissance des utilisateurs et visiteurs les mentions l\u00e9gales : Editeur du site&nbsp;: &nbsp; Nadia Doublet ndoublet.psy@gmail.com 2 chemin de la massue 35170 Bruz Activit\u00e9 lib\u00e9rale en micro entreprise Titre professionnel: Titre de [&hellip;]<\/p>\n","protected":false},"author":1,"featured_media":0,"parent":0,"menu_order":0,"comment_status":"closed","ping_status":"closed","template":"","meta":{"footnotes":""},"class_list":["post-412","page","type-page","status-publish","hentry"],"yoast_head":"<!-- This site is optimized with the Yoast SEO plugin v27.4 - https:\/\/yoast.com\/product\/yoast-seo-wordpress\/ -->\n<title>Mentions l\u00e9gales - Psychologue Orientation - Nadia Doublet<\/title>\n<meta name=\"robots\" content=\"index, follow, max-snippet:-1, max-image-preview:large, max-video-preview:-1\" \/>\n<link rel=\"canonical\" href=\"https:\/\/psychologue-orientation.com\/index.php\/elementor-412\/\" \/>\n<meta property=\"og:locale\" content=\"en_US\" \/>\n<meta property=\"og:type\" content=\"article\" \/>\n<meta property=\"og:title\" content=\"Mentions l\u00e9gales - Psychologue Orientation - Nadia Doublet\" \/>\n<meta property=\"og:description\" content=\"MENTIONS L\u00c9GALES Conform\u00e9ment \u00e0 la Loi Fran\u00e7aise n\u00b02004-575 du 21 juin 2004 pour la confiance dans l&#8217;\u00e9conomie num\u00e9rique (LCEN), nous portons \u00e0 la connaissance des utilisateurs et visiteurs les mentions l\u00e9gales : Editeur du site&nbsp;: &nbsp; Nadia Doublet ndoublet.psy@gmail.com 2 chemin de la massue 35170 Bruz Activit\u00e9 lib\u00e9rale en micro entreprise Titre professionnel: Titre de [&hellip;]\" \/>\n<meta property=\"og:url\" content=\"https:\/\/psychologue-orientation.com\/index.php\/elementor-412\/\" \/>\n<meta property=\"og:site_name\" content=\"Psychologue Orientation - Nadia Doublet\" \/>\n<meta property=\"article:modified_time\" content=\"2022-11-28T18:50:21+00:00\" \/>\n<meta name=\"twitter:card\" content=\"summary_large_image\" \/>\n<meta name=\"twitter:label1\" content=\"Est. reading time\" \/>\n\t<meta name=\"twitter:data1\" content=\"1 minute\" \/>\n<script type=\"application\/ld+json\" class=\"yoast-schema-graph\">{\"@context\":\"https:\\\/\\\/schema.org\",\"@graph\":[{\"@type\":\"WebPage\",\"@id\":\"https:\\\/\\\/psychologue-orientation.com\\\/index.php\\\/elementor-412\\\/\",\"url\":\"https:\\\/\\\/psychologue-orientation.com\\\/index.php\\\/elementor-412\\\/\",\"name\":\"Mentions l\u00e9gales - Psychologue Orientation - Nadia Doublet\",\"isPartOf\":{\"@id\":\"https:\\\/\\\/psychologue-orientation.com\\\/#website\"},\"datePublished\":\"2022-11-28T18:40:17+00:00\",\"dateModified\":\"2022-11-28T18:50:21+00:00\",\"breadcrumb\":{\"@id\":\"https:\\\/\\\/psychologue-orientation.com\\\/index.php\\\/elementor-412\\\/#breadcrumb\"},\"inLanguage\":\"en-US\",\"potentialAction\":[{\"@type\":\"ReadAction\",\"target\":[\"https:\\\/\\\/psychologue-orientation.com\\\/index.php\\\/elementor-412\\\/\"]}]},{\"@type\":\"BreadcrumbList\",\"@id\":\"https:\\\/\\\/psychologue-orientation.com\\\/index.php\\\/elementor-412\\\/#breadcrumb\",\"itemListElement\":[{\"@type\":\"ListItem\",\"position\":1,\"name\":\"Accueil\",\"item\":\"https:\\\/\\\/psychologue-orientation.com\\\/\"},{\"@type\":\"ListItem\",\"position\":2,\"name\":\"Mentions l\u00e9gales\"}]},{\"@type\":\"WebSite\",\"@id\":\"https:\\\/\\\/psychologue-orientation.com\\\/#website\",\"url\":\"https:\\\/\\\/psychologue-orientation.com\\\/\",\"name\":\"Psychologue Orientation - Nadia Doublet\",\"description\":\"Psychologue Orientation - Scolarit\u00e9\",\"publisher\":{\"@id\":\"https:\\\/\\\/psychologue-orientation.com\\\/#organization\"},\"potentialAction\":[{\"@type\":\"SearchAction\",\"target\":{\"@type\":\"EntryPoint\",\"urlTemplate\":\"https:\\\/\\\/psychologue-orientation.com\\\/?s={search_term_string}\"},\"query-input\":{\"@type\":\"PropertyValueSpecification\",\"valueRequired\":true,\"valueName\":\"search_term_string\"}}],\"inLanguage\":\"en-US\"},{\"@type\":\"Organization\",\"@id\":\"https:\\\/\\\/psychologue-orientation.com\\\/#organization\",\"name\":\"Psychologue Orientation - Nadia Doublet\",\"url\":\"https:\\\/\\\/psychologue-orientation.com\\\/\",\"logo\":{\"@type\":\"ImageObject\",\"inLanguage\":\"en-US\",\"@id\":\"https:\\\/\\\/psychologue-orientation.com\\\/#\\\/schema\\\/logo\\\/image\\\/\",\"url\":\"https:\\\/\\\/psychologue-orientation.com\\\/wp-content\\\/uploads\\\/2022\\\/09\\\/Plan-de-travail-15.png\",\"contentUrl\":\"https:\\\/\\\/psychologue-orientation.com\\\/wp-content\\\/uploads\\\/2022\\\/09\\\/Plan-de-travail-15.png\",\"width\":2211,\"height\":660,\"caption\":\"Psychologue Orientation - Nadia Doublet\"},\"image\":{\"@id\":\"https:\\\/\\\/psychologue-orientation.com\\\/#\\\/schema\\\/logo\\\/image\\\/\"}}]}<\/script>\n<!-- \/ Yoast SEO plugin. -->","yoast_head_json":{"title":"Mentions l\u00e9gales - Psychologue Orientation - Nadia Doublet","robots":{"index":"index","follow":"follow","max-snippet":"max-snippet:-1","max-image-preview":"max-image-preview:large","max-video-preview":"max-video-preview:-1"},"canonical":"https:\/\/psychologue-orientation.com\/index.php\/elementor-412\/","og_locale":"en_US","og_type":"article","og_title":"Mentions l\u00e9gales - Psychologue Orientation - Nadia Doublet","og_description":"MENTIONS L\u00c9GALES Conform\u00e9ment \u00e0 la Loi Fran\u00e7aise n\u00b02004-575 du 21 juin 2004 pour la confiance dans l&#8217;\u00e9conomie num\u00e9rique (LCEN), nous portons \u00e0 la connaissance des utilisateurs et visiteurs les mentions l\u00e9gales : Editeur du site&nbsp;: &nbsp; Nadia Doublet ndoublet.psy@gmail.com 2 chemin de la massue 35170 Bruz Activit\u00e9 lib\u00e9rale en micro entreprise Titre professionnel: Titre de [&hellip;]","og_url":"https:\/\/psychologue-orientation.com\/index.php\/elementor-412\/","og_site_name":"Psychologue Orientation - Nadia Doublet","article_modified_time":"2022-11-28T18:50:21+00:00","twitter_card":"summary_large_image","twitter_misc":{"Est. reading time":"1 minute"},"schema":{"@context":"https:\/\/schema.org","@graph":[{"@type":"WebPage","@id":"https:\/\/psychologue-orientation.com\/index.php\/elementor-412\/","url":"https:\/\/psychologue-orientation.com\/index.php\/elementor-412\/","name":"Mentions l\u00e9gales - Psychologue Orientation - Nadia Doublet","isPartOf":{"@id":"https:\/\/psychologue-orientation.com\/#website"},"datePublished":"2022-11-28T18:40:17+00:00","dateModified":"2022-11-28T18:50:21+00:00","breadcrumb":{"@id":"https:\/\/psychologue-orientation.com\/index.php\/elementor-412\/#breadcrumb"},"inLanguage":"en-US","potentialAction":[{"@type":"ReadAction","target":["https:\/\/psychologue-orientation.com\/index.php\/elementor-412\/"]}]},{"@type":"BreadcrumbList","@id":"https:\/\/psychologue-orientation.com\/index.php\/elementor-412\/#breadcrumb","itemListElement":[{"@type":"ListItem","position":1,"name":"Accueil","item":"https:\/\/psychologue-orientation.com\/"},{"@type":"ListItem","position":2,"name":"Mentions l\u00e9gales"}]},{"@type":"WebSite","@id":"https:\/\/psychologue-orientation.com\/#website","url":"https:\/\/psychologue-orientation.com\/","name":"Psychologue Orientation - Nadia Doublet","description":"Psychologue Orientation - Scolarit\u00e9","publisher":{"@id":"https:\/\/psychologue-orientation.com\/#organization"},"potentialAction":[{"@type":"SearchAction","target":{"@type":"EntryPoint","urlTemplate":"https:\/\/psychologue-orientation.com\/?s={search_term_string}"},"query-input":{"@type":"PropertyValueSpecification","valueRequired":true,"valueName":"search_term_string"}}],"inLanguage":"en-US"},{"@type":"Organization","@id":"https:\/\/psychologue-orientation.com\/#organization","name":"Psychologue Orientation - Nadia Doublet","url":"https:\/\/psychologue-orientation.com\/","logo":{"@type":"ImageObject","inLanguage":"en-US","@id":"https:\/\/psychologue-orientation.com\/#\/schema\/logo\/image\/","url":"https:\/\/psychologue-orientation.com\/wp-content\/uploads\/2022\/09\/Plan-de-travail-15.png","contentUrl":"https:\/\/psychologue-orientation.com\/wp-content\/uploads\/2022\/09\/Plan-de-travail-15.png","width":2211,"height":660,"caption":"Psychologue Orientation - Nadia Doublet"},"image":{"@id":"https:\/\/psychologue-orientation.com\/#\/schema\/logo\/image\/"}}]}},"_links":{"self":[{"href":"https:\/\/psychologue-orientation.com\/index.php\/wp-json\/wp\/v2\/pages\/412","targetHints":{"allow":["GET"]}}],"collection":[{"href":"https:\/\/psychologue-orientation.com\/index.php\/wp-json\/wp\/v2\/pages"}],"about":[{"href":"https:\/\/psychologue-orientation.com\/index.php\/wp-json\/wp\/v2\/types\/page"}],"author":[{"embeddable":true,"href":"https:\/\/psychologue-orientation.com\/index.php\/wp-json\/wp\/v2\/users\/1"}],"replies":[{"embeddable":true,"href":"https:\/\/psychologue-orientation.com\/index.php\/wp-json\/wp\/v2\/comments?post=412"}],"version-history":[{"count":8,"href":"https:\/\/psychologue-orientation.com\/index.php\/wp-json\/wp\/v2\/pages\/412\/revisions"}],"predecessor-version":[{"id":424,"href":"https:\/\/psychologue-orientation.com\/index.php\/wp-json\/wp\/v2\/pages\/412\/revisions\/424"}],"wp:attachment":[{"href":"https:\/\/psychologue-orientation.com\/index.php\/wp-json\/wp\/v2\/media?parent=412"}],"curies":[{"name":"wp","href":"https:\/\/api.w.org\/{rel}","templated":true}]}}